ist the prime factors of 99500669.
31, 3209699
List the prime factors of 114242221.
151, 756571
What are the prime factors of 4147599685?
5, 1039, 798383
What are the prime factors of 36403446?
2, 3, 307, 19763
List the prime factors of 107561991.
3, 47, 449, 1699
What are the prime factors of 103202393?
7, 17, 223, 3889
List the prime factors of 37038669.
3, 2309, 5347
List the prime factors of 4529415320.
2, 5, 19, 43, 138599
What are the prime factors of 51640467?
3, 17213489
What are the prime factors of 22661938?
2, 13, 871613
What are the prime factors of 50883078?
2, 3, 8480513
List the prime factors of 394200734.
2, 197100367
What are the prime factors of 36548073?
3, 4060897
List the prime factors of 236258838.
2, 3, 37, 354743
List the prime factors of 5552298.
2, 3, 47, 6563
List the prime factors of 660940598.
2, 330470299
List the prime factors of 111384326.
2, 113, 541, 911
List the prime factors of 739585695.
3, 5, 29, 1700197
What are the prime factors of 30271975?
5, 1210879
List the prime factors of 580098912.
2, 3, 6042697
List the prime factors of 28728751.
107, 268493
What are the prime factors of 105295764?
2, 3, 7, 1253521
What are the prime factors of 209416110?
2, 3, 5, 41, 89, 1913
List the prime factors of 1035714064.
2, 7, 11, 37, 22721
What are the prime factors of 188576114?
2, 94288057
List the prime factors of 111829340.
2, 5, 7, 798781
List the prime factors of 9507197.
7, 1358171
What are the prime factors of 688918987?
59, 11676593
List the prime factors of 2112728264.
2, 463, 570391
List the prime factors of 390397150.
2, 5, 11, 13, 54601
List the prime factors of 67884002.
2, 2237, 15173
What are the prime factors of 942434151?
3, 17, 971, 19031
What are the prime factors of 2619138983?
17, 154066999
List the prime factors of 843274100.
2, 5, 71, 73, 1627
List the prime factors of 412160739.
3, 137386913
List the prime factors of 36217385.
5, 7243477
List the prime factors of 357175344.
2, 3, 7441153
What are the prime factors of 693187224?
2, 3, 59, 489539
List the prime factors of 986882749.
26903, 36683
What are the prime factors of 262246230?
2, 3, 5, 23, 151, 839
What are the prime factors of 391640627?
7, 55948661
What are the prime factors of 4926015?
3, 5, 12163
List the prime factors of 127172360.
2, 5, 7, 71, 6397
List the prime factors of 185408878.
2, 19, 256799
What are the prime factors of 992655905?
5, 12547, 15823
List the prime factors of 796723415.
5, 159344683
What are the prime factors of 327363698?
2, 61, 739, 3631
List the prime factors of 75959859.
3, 17, 1489409
List the prime factors of 32674991.
41, 796951
List the prime factors of 576711994.
2, 288355997
List the prime factors of 87395674.
2, 17, 107, 24023
What are the prime factors of 28617589?
7, 11, 13, 23, 113
What are the prime factors of 497507416?
2, 7, 101, 87961
What are the prime factors of 4262832246?
2, 3, 17, 59, 708347
What are the prime factors of 3983387930?
2, 5, 3761, 105913
List the prime factors of 2414701803.
3, 804900601
List the prime factors of 894536.
2, 31, 3607
What are the prime factors of 240523683?
3, 80174561
What are the prime factors of 167780304?
2, 3, 193, 6037
What are the prime factors of 73041501?
3, 13, 1872859
List the prime factors of 1076950530.
2, 3, 5, 1019, 11743
What are the prime factors of 3725686674?
2, 3, 206982593
List the prime factors of 367599809.
41, 1637, 5477
What are the prime factors of 10351296?
2, 3, 17971
List the prime factors of 177207004.
2, 13, 251, 13577
List the prime factors of 138607574.
2, 7, 331, 4273
What are the prime factors of 4846732752?
2, 3, 100973599
List the prime factors of 40894420.
2, 5, 7, 41729
What are the prime factors of 3959634920?
2, 5, 23, 37, 89, 1307
List the prime factors of 188125225.
5, 113, 66593
What are the prime factors of 120810642?
2, 3, 59, 341273
List the prime factors of 481006090.
2, 5, 19, 2531611
List the prime factors of 26759182.
2, 19, 704189
What are the prime factors of 1374890888?
2, 7, 113, 217271
List the prime factors of 5785323.
3, 73, 26417
List the prime factors of 135003601.
135003601
What are the prime factors of 791742901?
19, 491, 84869
What are the prime factors of 299654889?
3, 1447, 69029
What are the prime factors of 111248052?
2, 3, 43, 167, 1291
What are the prime factors of 26522643?
3, 7, 109, 11587
List the prime factors of 4272102244.
2, 17, 1151, 54583
What are the prime factors of 1869639719?
17, 73, 1506559
List the prime factors of 79232397.
3, 229, 115331
What are the prime factors of 30249756?
2, 3, 107, 7853
What are the prime factors of 64965265?
5, 97, 133949
What are the prime factors of 1058235862?
2, 529117931
List the prime factors of 29587994.
2, 1871, 7907
List the prime factors of 250453982.
2, 277, 452083
What are the prime factors of 92121616?
2, 433, 13297
List the prime factors of 689672052.
2, 3, 19157557
What are the prime factors of 23216720?
2, 5, 290209
What are the prime factors of 34646206?
2, 7, 53, 881
What are the prime factors of 80940757?
17, 67, 179, 397
What are the prime factors of 1425334740?
2, 3, 5, 17, 31, 45077
List the prime factors of 42319962.
2, 3, 783703
List the prime factors of 45178115.
5, 743, 12161
What are the prime factors of 24415319?
24415319
List the prime factors of 348150596.
2, 87037649
List the prime factors of 2016916253.
11, 19, 23, 419579
What are the prime factors of 972389585?
5, 194477917
What are the prime factors of 255218494?
2, 127609247
What are the prime factors of 30332241?
3, 3370249
List the prime factors of 5064722330.
2, 5, 506472233
What are the prime factors of 256381989?
3, 23, 271, 13711
What are the prime factors of 11833590?
2, 3, 5, 394453
What are the prime factors of 472206761?
13, 5657, 6421
List the prime factors of 1141418000.
2, 5, 197, 2897
List the prime factors of 79937044.
2, 11, 41, 73, 607
What are the prime factors of 337888748?
2, 241, 269, 1303
List the prime factors of 1498652308.
2, 23, 1571, 10369
List the prime factors of 162262221.
3, 11, 29, 169553
List the prime factors of 42877371.
3, 31, 53, 8699
What are the prime factors of 165885071?
11, 53, 25867
What are the prime factors of 184575396?
2, 3, 15381283
What are the prime factors of 234947244?
2, 3, 7, 271, 10321
List the prime factors of 55256832.
2, 3, 29, 827
What are the prime factors of 7054849?
7054849
What are the prime factors of 245840404?
2, 139, 3181
What are the prime factors of 112586516?
2, 7, 127, 4523
What are the prime factors of 955832583?
3, 181, 1760281
What are the prime factors of 10163272?
2, 7, 97, 1871
List the prime factors of 14347944.
2, 3, 13, 15329
List the prime factors of 350339591.
7, 50048513
What are the prime factors of 678406897?
7, 96915271
List the prime factors of 1632979089.
3, 7, 61, 139, 1019
List the prime factors of 30176967.
3, 10058989
List the prime factors of 144966721.
83, 1746587
List the prime factors of 4735651098.
2, 3, 47, 16793089
What are the prime factors of 819306587?
11, 1201, 62017
List the prime factors of 79211633.
43, 1842131
What are the prime factors of 75435840?
2, 3, 5, 8731
What are the prime factors of 937911747?
3, 9649, 32401
List the prime factors of 539672996.
2, 41, 3290689
What are the prime factors of 4894242?
2, 3, 239, 3413
List the prime factors of 172245658.
2, 13, 6624833
What are the prime factors of 94709609?
94709609
List the prime factors of 184626785.
5, 7, 5275051
List the prime factors of 24323841.
3, 379, 2377
What are the prime factors of 1973130769?
881, 2239649
List the prime factors of 6029606151.
3, 383, 1749233
What are the prime factors of 372352676?
2, 93088169
List the prime factors of 2343199245.
3, 5, 1051, 148633
List the prime factors of 953767136.
2, 7, 4257889
What are the prime factors of 160048372?
2, 11, 467, 7789
What are the prime factors of 553955044?
2, 138488761
List the prime factors of 260783005.
5, 7, 31, 240353
What are the prime factors of 4995917735?
5, 79, 3491, 3623
List the prime factors of 525270963.
3, 7, 227, 251, 439
What are the prime factors of 257414302?
2, 1367, 94153
List the prime factors of 112426339.
112426339
What are the prime factors of 936146849?
11, 1093, 77863
List the prime factors of 911211954.
2